). Give u(-5).
-7
Let d(p) = 5*p**3 - 9*p**2 + 21*p + 21. Let g(i) = -i**3 + 2*i**2 - 4*i - 4. Let n(q) = 2*d(q) + 11*g(q). Calculate n(4).
-10
Let y(w) = -3*w - 12. Let k be y(-6). Let z = k - 9. Let m(a) be the second derivative of -a**5/20 - a**4/6 + a**3/3 + a**2 + a. What is m(z)?
5
Let s be (-12)/10*20/(-6). Let p be (0 - 1)/((-2)/6). Let c(r) = 2*r + p - 5 - 2*r**2 + s*r**2. Give c(-2).
2
Suppose 2*j + 12 = -2*j. Let y(d) be the second derivative of -d**5/60 + d**3/6 - d**2/2 + 2*d. Let f(r) be the first derivative of y(r). Give f(j).
-8
Let v(d) = -2*d. Suppose -4*w - w = -5. Determine v(w).
-2
Let i(k) = -k + 1. Suppose 3*h + 4 = -8. Give i(h).
5
Let l(v) be the third derivative of v**4/12 + 4*v**3/3 - 5*v**2. Let n = -5 - 2. Let m be l(n). Let p(i) = -i**3 - 7*i**2 - 8*i - 6. What is p(m)?
6
Let f(z) = z**2 + 3*z - 1. Let j(i) be the second derivative of -i**5/20 - i**4/6 + 3*i**2/2 + i. Let s be j(-3). Let c be (3 - 0)/((-9)/s). Give f(c).
3
Let d(k) = 4*k**3 - 7*k**2 + 13. Let u(b) = b**3 - 2*b**2 + 3. Let f(n) = -2*d(n) + 9*u(n). Calculate f(4).
1
Let y = -2 - -1. Let h(r) = 5*r**3 + r**2 + 2*r + 1. Let j be h(y). Let x(o) = -o - 12. Give x(j).
-7
Let a(v) be the second derivative of v**4/12 - v**3 - 3*v**2 + 55*v. Give a(7).
1
Let g(j) = -j**2 + 4*j - 7. Suppose -2*c + 7 = 4*l - 3, -4*c - 4 = 0. Let a be g(l). Let y(t) = 2*t + 1. Calculate y(a).
-7
Let h(s) = -6*s - 4. Let m(l) = 7*l + 6. Let n(f) = -4*h(f) - 3*m(f). Suppose 2*j + 2*r = -0 - 2, 5*r - 25 = 5*j. Give n(j).
-11
Let a(y) be the first derivative of 2*y**2 + 2*y - 2. Let v be 3/2*(-8)/(-6). Give a(v).
10
Let x be 1*(-2 - 0/1). Let o be 5 + x/(4/2). Suppose -5*k = o*d - k, -d = -k + 2. Let i(s) = -4*s - 1. What is i(d)?
3
Let w(g) = g + 2 - 2*g**2 - 2*g + 2*g. Suppose -14*x = -18*x + 8. Calculate w(x).
-4
Let g(j) = -j**2 + 9*j - 8. Suppose 0 = -3*o + 12 + 12. Calculate g(o).
0
Let l(c) be the first derivative of c**3/3 + c**2/2 - 4. Calculate l(-1).
0
Suppose 8*h - 3*h = -2*g + 25, 20 = 2*g + 4*h. Suppose 4*t - 12 = 0, p + 0*p = -4*t + 14. Let o(j) = -9 - j - 2*j + p*j. Calculate o(g).
-9
Suppose -6*a + a = -10. Let c(z) = -2*z**a - 1 + 4 + z**2 - z**3. Let b = 7 + -7. Give c(b).
3
Let u be 1/((-1)/3) + 2. Let z = -5 - u. Let v(g) = 2 + 0*g - 2*g - 6. What is v(z)?
4
Let m(d) = 4*d + 8 - 2 - 3 - d. Determine m(-4).
-9
Suppose 6*p - 3*p = 57. Let v = 22 - p. Let a(z) = 0*z**2 - 1 - 3*z**2 + 7*z + 2*z**2. What is a(v)?
11
Let j(y) = 5 + y**3 - 8*y**2 - 9*y + y - 13. Let v be j(9). Let r(m) = -9*m - 5. Let p(t) = 17*t + 9. Let u(a) = -6*p(a) - 11*r(a). What is u(v)?
-2
Let i = -59 + 56. Let z(s) = 5*s + 5. Let o(j) = -36*j - 36. Let d(f) = 2*o(f) + 15*z(f). What is d(i)?
-6
Let z(o) = -2 + o**2 - 3*o**3 - 1 + 2. Let j = 11 - 8. Suppose 3*y = 3*q - 15, -j*q - 19 = -y - 8*q. What is z(y)?
3
Let f = 53 + -48. Let g(t) be the second derivative of t**3/6 - t**2/2 + t. Give g(f).
4
Let i(j) be the first derivative of -9*j + 3 - 1/4*j**4 - 1/2*j**2 + 0*j**3. Let z be (-1 - 0) + 0 + 1. Give i(z).
-9
Let o = 31 + -29. Let i(z) = -3*z**3 - z**2 + z - 4. Let y(r) = r**3 + r**2 + r + 1. Let n(f) = -i(f) - 2*y(f). Give n(o).
0
Let i(a) = 2 - 149*a**2 + 9*a + 2 + 148*a**2. Calculate i(9).
4
Let g(r) = -r**3 + 4*r**2 - 2*r - 4. Suppose 0 = -7*x + 8*x. Suppose -u = -x*u - 3. Calculate g(u).
-1
Let y(j) = -j**3 - 3*j**2 - 2*j. Let r be y(-2). Suppose -2*d - d + 12 = 0. Suppose q + r = -d. Let k(w) = -w**2 - 4*w - 4. Determine k(q).
-4
Let h(k) = -2*k**2 - 5*k - 2. Let s(y) = 8*y**2 + 20*y + 8. Let u(f) = -9*h(f) - 2*s(f). Suppose -2*q + 4*m - 18 = 0, 3*q + 5*m = 1 + 5. Give u(q).
5
Let t(o) = -4*o - 1. Suppose 3*x - n + 7 = -0*x, 3*x = 2*n - 8. What is t(x)?
7
Let m(u) = -6*u**3 - 11*u**2 + 20*u - 8. Let v(z) = -2*z**3 - z - 4*z**2 - 3 - 2*z + 10*z. Let l(b) = 4*m(b) - 11*v(b). Determine l(-2).
11
Let w(i) = i**2 + 3*i + 1. Let v(k) = -3*k - 2. Let o(p) = -3*v(p) - 2*w(p). What is o(3)?
-5
Let k(p) be the second derivative of -p**7/840 - p**6/360 - p**4/2 + p. Let w(r) be the third derivative of k(r). Let l be 2*(-3)/(-15)*-5. What is w(l)?
-8
Let u(q) = -q**2 + q + 3. Let g be (-1)/2 - 7/(-2). Let t be u(g). Let b(l) = l**3 + l**2 - 2*l + 4. Determine b(t).
-8
Suppose -2*m - 3*k = 2*k - 3, -48 = -4*m + 4*k. Let d(l) = -l + 10. Give d(m).
1
Let o(s) = 24*s**3 + s**2 + s - 1. Let q = -12 - -13. What is o(q)?
25
Let t(y) be the third derivative of 0 - 1/6*y**3 - 2*y**2 + 1/24*y**4 + 0*y. Calculate t(4).
3
Suppose -4*j - 8 = v, v = -2*j - 2*v - 14. Let t(q) = -2*q + 2*q + 1 + 2*q. Determine t(j).
-1
Let q(o) = 1 + 6*o - 4*o**2 - o**3 + 3 - 5. Determine q(-5).
-6
Suppose 0 = -q - 4*q - a + 28, -q + 2*a - 1 = 0. Let k(t) = -3*t - t + 2*t. Give k(q).
-10
Let a(m) be the first derivative of 4*m**4 - m**3/3 - m**2/2 + m - 14. What is a(1)?
15
Let q(t) be the third derivative of -t**9/60480 - t**7/5040 - t**6/240 + t**5/20 - t**2. Let h(d) be the third derivative of q(d). What is h(0)?
-3
Suppose 0*n - 4*n + 52 = 0. Let k(g) = g**2 - 12*g - 7. Let c be k(n). Let a(q) = -q**3 + 7*q**2 - 4*q. Calculate a(c).
12
Suppose 0*c - c = 4*g - 6, g = -4*c + 9. Let t(w) = w**3 - 4*w**2 - w - 1. Determine t(c).
-11
Let f(y) = y - 12. Let w(g) = g**2 + 5. Let m be w(0). Suppose -3*o + 5*h + 8 = 0, 36 = m*o + 3*h - 0*h. Give f(o).
-6
Let j(l) = 5*l + 3. Let q(m) = 16*m + 10. Let b(d) = -10*j(d) + 3*q(d). Calculate b(-3).
6
Let u(v) = -v**2 + v + 7. Suppose p - 7 = 3*r + 7, -3*p + 3*r + 24 = 0. Suppose -2*a + 15 = p*k - 5*a, 0 = 2*a + 10. What is u(k)?
7
Let b(h) be the second derivative of 0 - 1/12*h**4 - 6*h - 3/10*h**5 + 0*h**3 + 1/2*h**2. Determine b(-1).
6
Let i(h) be the second derivative of -h**5/20 - 5*h**4/12 + 2*h**2 - h. Suppose -5 = 5*b - 4*b. Calculate i(b).
4
Let s = 13 - 7. Let y be (-1)/1*(s - 2). Let k(t) be the second derivative of -t**4/12 - 5*t**3/6 + t**2/2 + 5*t. Determine k(y).
5
Suppose 5*m - 4*m = 0. Let l(g) = g**2 - 2*g + 1. Let a be l(m). Let z(j) = -5*j - 1. What is z(a)?
-6
Let x(w) = -w. Let s be x(3). Suppose u + 2*t = 3*t, 0 = 3*u + t - 4. Let f(i) = -7 - i + 2 + u. Determine f(s).
-1
Let j(c) = 4*c + 1. Suppose -3 = 5*n - 2*n. Let k(q) = -q**2 + q + 1. Let s be k(n). What is j(s)?
-3
Let i(x) = x**3 + 6*x**2 + 5*x - 6. Let b(l) = -16*l - 3. Let y be b(-3). Suppose d - y = -2*d. Suppose -3*s - d = -0*s. What is i(s)?
-6
Let u(o) be the first derivative of 8*o**3/3 + o**2/2 + 5. Give u(1).
9
Let t(o) = -o**2 + 7*o + 3. Suppose 0 = -4*f + 2*h + 16, -4*f - 5*h = -3*f - 26. Give t(f).
9
Let i(b) = -b - b**2 + 2*b**2 - b - 7. Let y(g) = -5*g**3 - 1 + 9*g + g**2 - 9*g. Let z be y(-1). Give i(z).
8
Let j be 12/(-2)*(-6 + 3). Let m be (-2)/(-8) + j/(-8). Let t(u) = u - 2. Calculate t(m).
-4
Let l = -2 + 11. Suppose -2*a - 1 = -l. Let y(h) = 3 + 28*h**2 - 29*h**2 - 1 + 3*h. Give y(a).
-2
Let f(o) = o**3 + 6*o**2 - 5*o + 1. Suppose 5*l = 3*c + 11, 0*c - 3*c - 27 = 3*l. What is f(c)?
-13
Let w = -7 - -13. Let n = w - 2. Let q(j) = j**2 - 4*j - 1. Give q(n).
-1
Suppose -25 = -5*n - 3*r, -5*n = -r - 11 - 14. Suppose -n*h - 5 = 3*c - 18, 2*h - 2*c - 18 = 0. Let g(y) = -y**2 + 7*y - 7. Calculate g(h).
3
Let k(u) = u**2 + 3*u + 0*u + 0*u. Suppose -3*f + 0 = 3. Let b(a) = 6*a**3 + a**2 - a - 1. Let s be b(f). What is k(s)?
10
Let l(y) be the second derivative of 1/20*y**5 - y + 0 - 1/3*y**4 + 1/3*y**3 - 1/2*y**2. What is l(4)?
7
Let y = 42 - 40. Let r(w) = 9*w - 2. Calculate r(y).
16
Let v(k) = k**3 + 13*k**2 + 8*k + 8. Let u(d) = -d**3 - 13*d**2 - 9*d - 7. Let n(l) = 4*u(l) + 3*v(l). Let f be n(-12). Let s(m) = m + 6. Give s(f).
2
Let f(b) = -b**3 - 7*b**2 - 5*b + 8. Let x = -188 - -182. Give f(x).
2
Let k = 2 + 2. Let l(q) = -q**2 + q - 6. Let v be l(0). Let d = k + v. Let o(f) = 3*f**2 + f - 2. Calculate o(d).
8
Suppose g + 24 = 9*g. Let j(i) = -i**2 + 4*i - 1. What is j(g)?
2
Let c be 20/25 + 78/15. Let j(o) = -o**2 + 3*o + 4. What is j(c)?
-14
Suppose k = -2*k. Let q(i) = -i + 2. Let a(p) = 2*p - 5*p + 0*p + 7. Let t(v) = 6*a(v) - 17*q(v). Give t(k).
8
Suppose -1 = f, -w + 6*w - 3 = -2*f. Let i = w - 0. Let t(b) = -6*b - 3*b**2 + i + 0*b + 4*b. Calculate t(-2).
-7
Let i be 4/(-26) + 82/26. Suppose -6 = g + 4*s, i*s = g + 2*g - 12. Let z(l) be the first derivative of l**4/2 - 4*l**3/3 + 3